0480?
4
What is the tens digit of 129339097?
9
What is the thousands digit of 109660741?
0
What is the tens digit of 19323609?
0
What is the units digit of 6742799?
9
What is the units digit of 16142195?
5
What is the hundred thousands digit of 729912924?
9
What is the millions digit of 63304719?
3
What is the tens digit of 883461211?
1
What is the hundred thousands digit of 470981922?
9
What is the hundred thousands digit of 183344747?
3
What is the thousands digit of 75305902?
5
What is the units digit of 8831860?
0
What is the ten thousands digit of 313309918?
0
What is the hundred millions digit of 1325037649?
3
What is the hundred millions digit of 348431388?
3
What is the millions digit of 57889959?
7
What is the hundred thousands digit of 12475207?
4
What is the tens digit of 166069882?
8
What is the thousands digit of 639926351?
6
What is the hundred millions digit of 1592908552?
5
What is the hundred millions digit of 2087138135?
0
What is the ten thousands digit of 202135126?
3
What is the ten millions digit of 821137826?
2
What is the ten thousands digit of 1266215740?
1
What is the thousands digit of 3034097183?
7
What is the hundred thousands digit of 67166181?
1
What is the units digit of 50008100?
0
What is the thousands digit of 102778968?
8
What is the hundred millions digit of 764194523?
7
What is the millions digit of 59342894?
9
What is the hundred thousands digit of 601695604?
6
What is the hundred thousands digit of 2956437014?
4
What is the hundred thousands digit of 121689266?
6
What is the billions digit of 2562997917?
2
What is the ten thousands digit of 201603970?
0
What is the units digit of 638931570?
0
What is the ten millions digit of 5779768069?
7
What is the units digit of 81533176?
6
What is the millions digit of 122075270?
2
What is the units digit of 25348895?
5
What is the tens digit of 1557656500?
0
What is the tens digit of 393069094?
9
What is the ten millions digit of 969693723?
6
What is the ten thousands digit of 6250846?
5
What is the hundreds digit of 5671412743?
7
What is the hundred thousands digit of 283482818?
4
What is the units digit of 1208646717?
7
What is the hundred thousands digit of 10887027?
8
What is the units digit of 1045931009?
9
What is the hundreds digit of 1242735554?
5
What is the thousands digit of 18164262?
4
What is the billions digit of 1274397609?
1
What is the millions digit of 43842318?
3
What is the units digit of 160247766?
6
What is the hundreds digit of 865299662?
6
What is the ten thousands digit of 1361541936?
4
What is the thousands digit of 1675090359?
0
What is the thousands digit of 117338506?
8
What is the millions digit of 77664133?
7
What is the hundred millions digit of 322270895?
3
What is the hundreds digit of 187471115?
1
What is the hundred millions digit of 389385016?
3
What is the hundreds digit of 127024519?
5
What is the thousands digit of 2601904874?
4
What is the tens digit of 456436608?
0
What is the tens digit of 33456930?
3
What is the thousands digit of 50691043?
1
What is the units digit of 177326583?
3
What is the ten millions digit of 352051514?
5
What is the thousands digit of 448300913?
0
What is the ten thousands digit of 431102541?
0
What is the hundreds digit of 5604032385?
3
What is the thousands digit of 359687413?
7
What is the billions digit of 1172928368?
1
What is the tens digit of 4782698?
9
What is the hundred thousands digit of 146030658?
0
What is the millions digit of 6225047373?
5
What is the units digit of 9267490?
0
What is the ten millions digit of 21772080?
2
What is the hundreds digit of 351984?
9
What is the hundred thousands digit of 753384913?
3
What is the ten thousands digit of 671585545?
8
What is the ten millions digit of 37669413?
3
What is the billions digit of 1336613716?
1
What is the thousands digit of 853174141?
4
What is the ten millions digit of 724835160?
2
What is the hundred thousands digit of 245505700?
5
What is the ten millions digit of 130759520?
3
What is the hundred thousands digit of 2438325098?
3
What is the tens digit of 367895216?
1
What is the hundreds digit of 50435770?
7
What is the hundred millions digit of 727944641?
7
What is the thousands digit of 5670679295?
9
What is the tens digit of 2107013208?
0
What is the ten millions digit of 4217229975?
1
What is the millions digit of 1365743831?
5
What is the units digit of 39427585?
5
What is the ten thousands digit of 2708409605?
0
What is the thousands digit of 214361100?
1
What is the millions digit of 291359890?
1
What is the ten millions digit of 49238686?
4
What is the ten thousands digit of 102010904?
1
What is the units digit of 1111790675?
5
What is the hundred millions digit of 1356730421?
3
What is the tens digit of 763629321?
2
What is the thousands digit of 63384594?
4
What is the thousands digit of 1262776068?
6
What is the ten millions digit of 4616534443?
1
What is the ten thousands digit of 3695715?
9
What is the ten thousands digit of 496052475?
5
What is the millions digit of 556012676?
6
What is the hundreds digit of 454189317?
3
What is the thousands digit of 924165722?
5
What is the millions digit of 150722272?
0
What is the hundred millions digit of 174515261?
1
What is the units digit of 882408890?
0
What is the billions digit of 5629294058?
5
What is the thousands digit of 12800045?
0
What is the hundred thousands digit of 225142390?
1
What is the hundred thousands digit of 118412662?
4
What is the thousands digit of 54436815?
6
What is the thousands digit of 15212947?
2
What is the thousands digit of 3563642607?
2
What is the hundreds digit of 337126223?
2
What is the hundreds digit of 35158697?
6
What is the hundred thousands digit of 37351578?
3
What is the millions digit of 58761512?
8
What is the ten thousands digit of 50800949?
0
What is the hundred millions digit of 171084634?
1
What is the hundred thousands digit of 6116784099?
7
What is the ten millions digit of 155428570?
5
What is the tens digit of 103409156?
5
What is the units digit of 43385935?
5
What is the tens digit of 227253650?
5
What is the ten millions digit of 470393686?
7
What is the hundreds digit of 880923484?
4
What is the units digit of 2103426746?
6
What is the hundred millions digit of 964066722?
9
What is the millions digit of 12093316?
2
What is the hundreds digit of 118677091?
0
What is the millions digit of 645068087?
5
What is the tens digit of 1420837466?
6
What is the ten thousands digit of 290765606?
6
What is the hundreds digit of 89307637?
6
What is the billions digit of 1770675223?
1
What is the millions digit of 759606881?
9
What is the hundred millions digit of 4332932839?
3
What is the thousands digit of 614173368?
3
What is the tens digit of 228849089?
8
What is the hundreds digit of 26009120?
1
What is the hundreds digit of 237391779?
7
What is the hundred millions digit of 132569651?
1
What is the hundreds digit of 694696602?
6
What is the tens digit of 396426226?
2
What is the tens digit of 242414640?
4
What is the hundred thousands digit of 1194624573?
6
What is the hundred thousands digit of 240837886?
8
What is the units digit of 297156275?
5
What is the ten thousands digit of 23894882?
9
What is the units digit of 9290206615?
5
What is the billions digit of 2604694210?
2
What is the hundred thousands digit of 7921431?
9
What is the units digit of 1386862975?
5
What is the tens digit of 57954674?
7
What is the ten millions digit of 166905035?
6
What is the hundred thousands digit of 1585065514?
0
What is the ten thousands digit of 112904192?
0
What is the hundreds digit of 32874295?
2
What is the thousands digit of 5227463131?
3
What is the thousands digit of 3256943491?
3
What is the units digit of 224386234?
4
What is the units digit of 48334593?
3
What is the hundred millions digit of 6798125342?
7
What is the units digit of 236251112?
2
What is the hundred millions digit of 3932753808?
9
What is the hundred millions digit of 180272414?
1
What is the millions digit of 1010832664?
0
What is the hundred millions digit of 474167054?
4
What is the millions digit of 784257857?
4
What is the units digit of 18793865?
5
What is the units digit of 3352405316?
6
What is the millions digit of 950229157?
0
What is the uni